 25179?
True
Is 41160 a multiple of 24?
True
Is 7744 a multiple of 64?
True
Is 256 a multiple of 5?
False
Is 27 a factor of 54?
True
Does 20 divide 13037?
False
Does 256 divide 21504?
True
Does 3 divide 2412?
True
Is 16 a factor of 2528?
True
Is 19 a factor of 1083?
True
Is 13 a factor of 689?
True
Is 10 a factor of 989?
False
Is 193 a factor of 17688?
False
Is 17 a factor of 329?
False
Is 323 a multiple of 23?
False
Does 47 divide 376?
True
Is 82 a factor of 8212?
False
Does 10 divide 6870?
True
Is 467 a multiple of 29?
False
Is 57 a factor of 1482?
True
Does 49 divide 3869?
False
Does 87 divide 1134?
False
Is 30621 a multiple of 177?
True
Is 9 a factor of 612?
True
Is 9 a factor of 4680?
True
Is 11 a factor of 8932?
True
Is 743 a multiple of 25?
False
Does 19 divide 106?
False
Is 100 a factor of 18836?
False
Is 29 a factor of 7569?
True
Is 78 a factor of 594?
False
Is 4 a factor of 360?
True
Is 54 a factor of 20520?
True
Does 7 divide 504?
True
Does 15 divide 735?
True
Is 591 a multiple of 15?
False
Is 10 a factor of 1490?
True
Is 2478 a multiple of 7?
True
Does 5 divide 210?
True
Is 10929 a multiple of 27?
False
Is 130 a factor of 1008?
False
Is 222 a multiple of 37?
True
Is 5 a factor of 1720?
True
Is 24 a factor of 4032?
True
Does 101 divide 16425?
False
Is 47 a factor of 63884?
False
Does 7 divide 1064?
True
Is 80 a factor of 63440?
True
Is 2317 a multiple of 5?
False
Does 2 divide 116?
True
Does 30 divide 1559?
False
Is 7 a factor of 441?
True
Is 1138 a multiple of 33?
False
Does 5 divide 351?
False
Is 35 a factor of 20248?
False
Does 3 divide 2552?
False
Is 15 a factor of 75967?
False
Is 5467 a multiple of 11?
True
Does 13 divide 9451?
True
Is 1060 a multiple of 11?
False
Is 15 a factor of 1284?
False
Is 98 a factor of 1139?
False
Does 35 divide 12110?
True
Is 10 a factor of 1900?
True
Is 103 a factor of 35741?
True
Is 47 a factor of 6110?
True
Does 54 divide 5184?
True
Is 17 a factor of 1904?
True
Is 247 a multiple of 19?
True
Is 21 a factor of 153?
False
Does 27 divide 2364?
False
Does 13 divide 2752?
False
Is 3522 a multiple of 3?
True
Is 57 a factor of 13092?
False
Is 31 a factor of 9083?
True
Is 6 a factor of 7615?
False
Is 3 a factor of 378?
True
Is 3 a factor of 1269?
True
Is 7 a factor of 1680?
True
Is 65 a multiple of 2?
False
Is 28 a factor of 5173?
False
Does 3 divide 39868?
False
Does 3 divide 361?
False
Is 7410 a multiple of 3?
True
Is 29 a multiple of 2?
False
Is 6966 a multiple of 54?
True
Does 61 divide 998?
False
Is 4 a factor of 124?
True
Is 4297 a multiple of 2?
False
Is 42828 a multiple of 172?
True
Does 40 divide 1160?
True
Is 1440 a multiple of 32?
True
Is 9 a factor of 14238?
True
Is 18176 a multiple of 16?
True
Does 51 divide 2142?
True
Is 13 a factor of 1937?
True
Is 5935 a multiple of 11?
False
Is 8 a factor of 10123?
False
Is 50503 a multiple of 211?
False
Does 12 divide 3900?
True
Is 1556 a multiple of 32?
False
Does 111 divide 4592?
False
Is 265 a multiple of 6?
False
Is 3006 a multiple of 3?
True
Is 45712 a multiple of 204?
False
Does 19 divide 4674?
True
Does 6 divide 12429?
False
Is 1381 a multiple of 82?
False
Is 796 a multiple of 26?
False
Does 6 divide 7226?
False
Does 33 divide 891?
True
Does 135 divide 14040?
True
Does 32 divide 896?
True
Is 6552 a multiple of 57?
False
Does 71 divide 710?
True
Is 1051 a multiple of 35?
False
Is 11 a factor of 8382?
True
Is 5 a factor of 796?
False
Is 8 a factor of 1920?
True
Is 37 a factor of 36057?
False
Is 23 a factor of 153?
False
Is 19 a factor of 5656?
False
Does 66 divide 2202?
False
Is 77 a factor of 40005?
False
Is 42252 a multiple of 52?
False
Does 18 divide 972?
True
Is 675 a multiple of 8?
False
Is 16 a factor of 919?
False
Is 48 a factor of 107?
False
Is 2120 a multiple of 10?
True
Is 33746 a multiple of 47?
True
Is 134 a multiple of 6?
False
Is 579 a multiple of 5?
False
Is 23 a factor of 1173?
True
Does 18 divide 105?
False
Does 62 divide 249?
False
Does 6 divide 237?
False
Is 146 a factor of 41026?
True
Does 4 divide 1163?
False
Is 208 a factor of 11648?
True
Is 3570 a multiple of 238?
True
Does 105 divide 786?
False
Is 21261 a multiple of 19?
True
Is 27 a factor of 459?
True
Is 88 a factor of 33792?
True
Does 26 divide 217?
False
Is 11095 a multiple of 93?
False
Does 7 divide 4039?
True
Does 62 divide 2887?
False
Is 4886 a multiple of 41?
False
Is 40370 a multiple of 55?
True
Is 6 a factor of 14411?
False
Does 59 divide 403?
False
Is 1054 a multiple of 24?
False
Is 3019 a multiple of 13?
False
Is 8873 a multiple of 172?
False
Is 15621 a multiple of 123?
True
Does 61 divide 61?
True
Is 264 a multiple of 37?
False
Is 150 a factor of 1229?
False
Is 16 a factor of 113?
False
Is 110 a multiple of 22?
True
Does 9 divide 1238?
False
Is 46 a factor of 1756?
False
Is 25 a factor of 9983?
False
Is 95 a factor of 4771?
False
Is 24603 a multiple of 59?
True
Does 5 divide 60?
True
Is 1232 a multiple of 88?
True
Is 992 a multiple of 31?
True
Does 19 divide 380?
True
Is 525 a multiple of 75?
True
Is 2141 a multiple of 3?
False
Is 2 a factor of 760?
True
Does 27 divide 810?
True
Does 2 divide 510?
True
Is 8 a factor of 739?
False
Does 36 divide 183?
False
Is 6 a factor of 330?
True
Is 22 a factor of 440?
True
Is 6733 a multiple of 129?
False
Is 40 even?
True
Is 32 a factor of 65?
False
Does 29 divide 552?
False
Is 2340 a multiple of 92?
False
Does 20 divide 1160?
True
Does 47 divide 16352?
False
Is 16 a factor of 1424?
True
Is 22 a factor of 3184?
False
Is 324 a multiple of 4?
True
Does 16 divide 5392?
True
Does 38 divide 20482?
True
Is 2 a factor of 665?
False
Is 34 a factor of 178?
False
Is 95 a multiple of 5?
True
Does 34 divide 104686?
True
Is 11 a factor of 407?
True
Does 71 divide 7364?
False
Does 9 divide 19350?
True
Is 15 a factor of 571?
False
Does 21 divide 2188?
False
Is 31 a factor of 5154?
False
Does 63 divide 1575?
True
Is 194 a factor of 2860?
False
Is 48 a factor of 1052?
False
Is 53187 a multiple of 23?
False
Does 13 divide 2262?
True
Does 3 divide 943?
False
Is 1079 a multiple of 22?
False
Is 242 a factor of 46208?
False
Is 6240 a multiple of 96?
True
Does 5 divide 6460?
True
Does 8 divide 579?
False
Does 58 divide 17574?
True
Does 5 divide 5498?
False
Is 9 a factor of 747?
True
Is 18 a factor of 3413?
False
Does 232 divide 20416?
True
Does 30 divide 1338?
False
Is 12 a factor of 456?
True
Does 4 divide 684?
True
Is 818 even?
True
Is 15 a factor of 1020?
True
Does 26 divide 2210?
True
Is 97280 a multiple of 128?
True
Is 10 a factor of 360?
True
Does 39 divide 371?
False
Is 269 a factor of 22058?
True
Is 21 a factor of 47157?
False
Is 1058 a multiple of 47?
False
Does 6 divide 2791?
False
Is 1325 a multiple of 53?
True
Is 336 a multiple of 48?
True
Is 28 a factor of 8518?
False
Is 52 a factor of 1291?
False
Is 330 a multiple of 10?
True
Is 7433 a multiple of 20?
False
Is 15156 a multiple of 12?
True
Does 53 divide 212?
True
Does 2 divide 9?
False
Is 44016 a multiple of 42?
True
Is 57 a multiple of 3?
True
Is 78 a multiple of 3?
True
Does 9 divide 216?
True
Does 45 divide 8280?
True
Is 15 a factor of 6268?
False
Does 7 divide 700?
True
Does 3 divide 351?
True
Is 8204 a multiple of 4?
True
Does 30 divide 30990?
True
Is 4 a factor of 1276?
True
Is 1807 a multiple of 13?
True
Is 823 a multiple of 53?
False
Is 209 a multiple of 14?
False
Does 459 divide 94178?
False
Is 122 a factor of 7198?
True
Does 38 divide 608?
True
Is 10 a factor of 543?
False
Is 1035 a multiple of 15?
True
Is 15 a factor of 3184?
False
Is 187 a factor of 3366?
True
Does 12 divide 11736?
True
Is 5225 a multiple of 11?
True
Does 69 divide 5530?
False
Does 45 divide 10575?
True
Is 3231 a multiple of 85?
False
Is 99 a factor of 2317?
False
Is 44 a multiple of 17?
False
Is 868 a multiple of 2?
True
Is 67 a factor of 15410?
True
Is 481 even?
False
Does 10 divide 430?
True
Is 7 a factor of 1575?
True
Is 8 a factor of 103?
False
Is 514 even?
True
Is 2016 a multiple of 96?
True
Is 83 a factor of 5644?
True
Is 68 a factor of 17748?
True
Is 9328 a multiple of 106?
True
Does 41 divide 21525?
True
Is 70 a factor of 4977?
False
Is 17 a factor of 1836?
True
Does 134 divide 15812?
True
Does 13 divide 122863?
True
Does 10 divide 103248?
False
Does 19 divide 22800?
True
Is 180 a multiple of 9?